 be o(-5). Calculate the greatest common factor of u and 705.
15
Suppose -h = -9*v + 13*v - 79, -3*h + 302 = -v. Suppose -2*b = -0*b - 22. Calculate the highest common factor of h and b.
11
Let p(g) = g**2 - 2. Let v be p(10). Let z(x) = 56*x**2 + 389*x - 17. Let d be z(-7). Calculate the highest common factor of d and v.
2
Suppose -a + 24 = 5*a. Let b be -7 + 8/(2 + 2). Let k(v) = -v**3 - 5*v**2 - 8*v - 4. Let m be k(b). Calculate the greatest common divisor of a and m.
4
Let r be (-336282)/(-2337) - 2/(-19). Calculate the greatest common factor of r and 1800.
72
Let n = -784 + 894. Calculate the greatest common divisor of 320 and n.
10
Let n be ((10/(-24))/(63/(-1134)))/(3/22). Calculate the highest common factor of n and 979.
11
Suppose 21*p - 25*p = -90*p + 1720. Calculate the greatest common divisor of p and 1036.
4
Let p = -22750 + 22790. What is the greatest common factor of p and 43280?
40
Suppose -27*u + 23*u + 1954 = 2*b, -2*b = -4*u + 1982. Calculate the greatest common divisor of u and 21402.
246
Suppose 5*v = 2*z - 37, -z - 2 = 3*v + 7. Let p be (-2 + (z - 3))/(2/408). Calculate the greatest common divisor of p and 68.
68
Let l = -860 + 1031. What is the highest common divisor of 27 and l?
9
Suppose -11*m + 3331 = -36939 + 5785. Calculate the highest common factor of 114 and m.
57
Let c(m) = -m**3 - 5*m**2 - m + 7. Let j be c(-4). Let a be 20 + -1 + j + -1. What is the highest common factor of 91 and a?
13
Suppose -36*g - 35*g + 9800 = -15*g. Let a be 3/6 + (-99)/(-2). Calculate the highest common factor of a and g.
25
Suppose 33 = 391*w - 380*w. Calculate the highest common factor of w and 783.
3
Let o(h) = -h**3 - 14*h**2 - 4*h - 18. Let d be o(-14). Suppose 4*l + d = 102. Suppose -l*y = -13*y - 15. Calculate the highest common divisor of y and 20.
5
Let s = -28 - -112. Suppose 4*k + 18 - s = -3*i, -2*k + 38 = -i. Let q be (k/(-3))/(3/(-21)). Calculate the greatest common divisor of 14 and q.
14
Let a be (-250)/(-100)*(66 + -4). What is the greatest common factor of 25 and a?
5
Let o be (-22)/77 - ((-240)/7 + 3). Let w be -34 + o + 3*15. What is the highest common factor of 28 and w?
14
Suppose 0 = -4*r + 63 - 51. Suppose 2*n + r = 11, 5*h = 4*n - 346. Let q = 147 + h. What is the greatest common factor of q and 9?
9
Suppose 37*p - 4204 = 104*p - 4405. What is the highest common divisor of p and 669?
3
Let a(s) = -9*s**3 - s**2. Let z be a(-1). Let i = 47 - 43. Suppose 15 = -3*w + i*b - 2, -w - b = -6. What is the greatest common factor of w and z?
1
Let v = -72 + -129. Let f = -176 - v. What is the greatest common divisor of 10 and f?
5
Let h = 85464 - 85441. Suppose -2*d + 0*d + 92 = 0. What is the greatest common factor of h and d?
23
Let k(l) = l**2 - l - 205. Let z be k(17). Calculate the greatest common divisor of 29681 and z.
67
Let z be -1 + -160 + (-1)/(-1). Let s = z - -360. Suppose 222*j + 160 = 2 + 5708. Calculate the highest common divisor of s and j.
25
Let p(o) = -6*o + 95. Let h be p(15). Suppose -2*w + 47 = 3*r, -4*w + h*w - 24 = -r. What is the greatest common factor of 475 and w?
25
Let i(a) = -a**2 - 31*a - 44. Let d be i(-28). What is the highest common divisor of d and 328?
8
Let w(m) = 52*m - 1. Let i be (5 - (1 + 6)) + 3. Let y be w(i). Suppose y + 33 = 7*x. Calculate the greatest common factor of 8 and x.
4
Suppose 28*g - 27*g - 138632 = -42*g. Calculate the greatest common factor of 13 and g.
13
Let b(x) = x**3 - 18*x**2 + 20. Let t be b(18). Suppose -295 - 5 = -5*d. What is the greatest common divisor of t and d?
20
Let f = 226 - 224. Suppose 2*j - 388 = -f*z, 7*z - 772 = -4*j + 2*z. What is the greatest common divisor of 44 and j?
22
Suppose -5*m + 5*f - 1090 = 0, 0*m - m = -5*f + 206. Let i = m - -230. Calculate the highest common factor of i and 243.
9
Suppose -5*t + 773 = -1242. Suppose -5*b - 16*h + t = -19*h, 4*b - 315 = -5*h. What is the greatest common divisor of 20 and b?
20
Let g be (-60)/18*(516/(-24) - (-3 - -7)). Calculate the highest common factor of g and 30685.
85
Suppose 2*o - 3*y - 17 = 0, 5*o + 25*y - 20*y - 5 = 0. Let n be (-54)/(-30)*(1 + o). What is the greatest common factor of n and 2?
1
Let p = -2771 - -2930. Calculate the highest common factor of 1 and p.
1
Let v = -1270 - -2278. Calculate the highest common divisor of 357 and v.
21
Let v be (1540/50)/((-16)/(-280)). Calculate the highest common divisor of v and 132.
11
Let p be (-14 + 8 + -49)/(-1). Calculate the highest common factor of 190 and p.
5
Let j = 14867 + -14799. Suppose 4*h + 3*t - 56 = 0, -76 = -4*h + 4*t - 2*t. What is the highest common divisor of h and j?
17
Suppose -8*c = 4*c - 1092. Let h(a) = 2*a - 1. Let d be h(4). Let o(l) = -l**3 + 7*l**2 + l. Let f be o(d). Calculate the greatest common divisor of f and c.
7
Suppose 2*j + 1156 = 4*h, -5*h + 8*h = 4*j + 862. What is the greatest common divisor of h and 174?
58
Suppose 0 = 25*b - 63963 - 25987. What is the greatest common factor of b and 771?
257
Suppose -13*z = -37*z + 8424. Let s = z - 327. What is the highest common divisor of 360 and s?
24
Let j(n) = -n**3 + 25*n**2 - 22*n + 4. Let g be j(24). Let i be ((-5)/30*-52)/((-2)/(-96)). Calculate the highest common divisor of g and i.
52
Let n(f) = 3*f**2 - 32*f + 12. Let i(k) = -k**2 + k + 1. Let u(c) = 2*i(c) - n(c). Let y be u(6). Calculate the greatest common divisor of 70 and y.
14
Let a be -7 + 2*(-8 + 87/2). Calculate the highest common divisor of 1096 and a.
8
Let b(n) = n**2 + 63*n + 542. Let c be b(-54). What is the highest common divisor of 268 and c?
4
Suppose -k - 70*x + 484 = -68*x, 2 = x. Calculate the highest common divisor of k and 2130.
30
Suppose -27*j + a + 11884 = -22*j, j = -3*a + 2396. What is the greatest common factor of j and 328?
82
Suppose 3*p - x - 1025 = 0, -p - 2*x = 3*x - 331. Let f(a) = -13*a + 102. Let q be f(7). What is the greatest common divisor of q and p?
11
Suppose -2*n - 1149 + 1739 = 0. Suppose 7*c + n = 386. What is the highest common factor of 793 and c?
13
Suppose -6248 = -4*d - 5*r - 1410, 0 = -2*d - 2*r + 2420. Let o = d + -861. What is the highest common factor of 39 and o?
39
Let d(s) = -s**2 + 8*s - 4. Let h be (1 + 15/(-2))/((-7)/14). Let k = 19 - h. Let w be d(k). Calculate the greatest common factor of 72 and w.
8
Let o be 2/2*(-1 + 3). Let n be 165*6/15 - 3. Suppose 0*p + p = -o*i + 23, 5*p - 3*i - n = 0. Calculate the highest common factor of p and 6.
3
Suppose -v - 312 = -2*j, -19*j + 620 = -15*j - v. What is the greatest common divisor of 594 and j?
22
Let r = 49 + 0. Suppose 54*k - r*k = 545. Let l = -106 + k. Calculate the highest common divisor of l and 12.
3
Let q = 43 - 38. Suppose 5*p - 2*v - 47 = 0, -p = -3*v - v + q. Calculate the greatest common divisor of p and 187.
11
Let a(i) = -3*i**3 + 7*i**2 + 26*i - 31. Let n be a(-6). Calculate the highest common factor of n and 31.
31
Let g be 10*((-359190)/(-1200) + 4/(-32)). Calculate the greatest common factor of 154 and g.
22
Let j be 64/3*39/2. Let m = 16274 - 16248. Calculate the greatest common factor of j and m.
26
Suppose -23*u + 31*u = -3*d + 1251, 158 = u + 2*d. Suppose 3*s + 233 + 10 = p, -3*p - 4*s = -690. What is the greatest common factor of u and p?
78
Suppose -7*d + 2*j = -2*d - 11, 5*j - 13 = -d. Let i be ((-4)/(-10))/(d/75). Suppose -r + 14 = -16. What is the highest common divisor of r and i?
10
Let k = 19094 + -15206. Calculate the highest common divisor of 48 and k.
48
Let v be 5634 + (-14 - 30 - -19). Calculate the greatest common divisor of 284 and v.
71
Let f(d) be the first derivative of 3*d**2/2 + 199*d - 276. Let z be f(-10). Calculate the highest common divisor of z and 91.
13
Let u be (-6)/(-108)*86 + 4/18. Let g(k) = k**2 + 5*k + 5. Let d be g(-5). Suppose p = d*p - 140. What is the greatest common divisor of p and u?
5
Suppose 0 = 2*o + j - 77 - 42, -3*o - 3*j + 171 = 0. Let r = 35 - o. Let v = r + 132. What is the highest common factor of v and 15?
15
Suppose 2*b - 3 + 1 = 0. Let y = 1311 - 1279. Suppose -y*c + 26 = -38. Calculate the highest common factor of b and c.
1
Suppose 0 = -2*a - a - s + 25, -1 = -3*a + 5*s. Let q be 328/(a/(10 - 3)). What is the greatest common divisor of 82 and q?
82
Suppose -6*v + 631 + 503 = 0. Let m = v + -154. What is the greatest c